on divisor of l and 28.
4
Let x = -15 - -22. Let f = 24 - x. Let h = f - 9. Calculate the highest common factor of h and 40.
8
Let d(x) = -x**3 + 2*x**2 - x + 2. Let v be d(2). Suppose v*t - 4*t = -104. What is the highest common divisor of 13 and t?
13
Let j = 124 - 89. Suppose 0 = 4*y + 94 - 10. Let p = y + j. What is the greatest common factor of p and 28?
14
Let v be (-42)/(-11) - (-10)/55. Suppose 3*t = 2*b, 15 = t - v*b + 5. Let a = t - -20. Calculate the greatest common factor of a and 162.
18
Let q be (18/72)/(4*2/64). Suppose -11 = -y + 4*c + 15, -18 = -y + 2*c. Calculate the greatest common factor of q and y.
2
Suppose -44 = -3*p + p. Let w = p + -12. Let o be 68/7 - (-2)/7. What is the greatest common factor of o and w?
10
Let z(s) = s**2 + 0*s**2 - 7*s - 2*s**2 + 2*s**2 - 7. Let t be z(8). What is the greatest common divisor of 1 and t?
1
Let g(p) = 4*p + 1. Let w be g(-7). Let o be (-438)/w + (-2)/9. Calculate the highest common divisor of 160 and o.
16
Suppose -6*f + 3 - 9 = 0. Let k(w) = -10*w + 2. Let t be k(f). What is the highest common factor of t and 36?
12
Let m(b) = -b. Let w be m(-2). Let l(u) = -u**2 + 7*u**3 - u**w + 29*u**3 + u. Let x be l(1). What is the highest common factor of x and 7?
7
Suppose -c - 3*c = 0. Suppose 20 = 2*u - c. Let g = 165 + -75. What is the greatest common divisor of u and g?
10
Let z = 58 + -18. Let q be (-3)/(-18) - 25/6. Let g be (2 + q)*1*-8. What is the highest common factor of g and z?
8
Let i be -3 - (2/(-7) + 1162/(-49)). What is the highest common divisor of 147 and i?
21
Let q(g) = g**3 - 10*g**2 + g + 14. Let y be q(10). What is the highest common factor of 8 and y?
8
Suppose -4*a - 6 = -a. Let q(o) = -13*o + 3. Let g(y) = 6*y - 1. Let x(b) = -7*g(b) - 3*q(b). Let m be x(a). Calculate the greatest common divisor of 4 and m.
4
Suppose i + 2*i + 2*f = 40, i - 4 = -3*f. Let b be 64/2*(-45)/(-10). What is the greatest common divisor of b and i?
16
Suppose 3*x = 6*x + 123. Let l be (-2)/3 + x/(-3). What is the highest common divisor of l and 91?
13
Suppose 2*a - 11 = t, -5*t + 0 = -2*a - 9. Calculate the highest common factor of a and 20.
4
Let x(w) = -w + 6. Let m = -1 + 5. Let a be x(m). Suppose 2 = -a*l + 4*l. Calculate the greatest common divisor of 7 and l.
1
Let n = 208 - 106. Let j be (0 - -2)*n/12. Calculate the greatest common divisor of j and 119.
17
Let f be (-2)/((-1)/(-2)*-4). Let m(t) = 42*t - 2. Let w be m(f). What is the highest common divisor of 5 and w?
5
Let v = 101 - 39. Suppose 3*m - 64 = v. Calculate the highest common divisor of m and 28.
14
Let y = 217 - 118. Let z be (0/(-1))/(-2) + 4. Let h be 6*1*6/z. What is the greatest common factor of y and h?
9
Suppose -5*f + 2*a + 24 = -7, 3*a = 3*f - 24. Suppose -3*c + 37 = -0*o - 2*o, 0 = f*c - 5*o - 70. What is the highest common divisor of c and 1?
1
Let i be 2/(-2 + (0 - 0)). Let l be i/(2 + -1)*-14. Suppose -118 = -s - 3*d, -2*s + 0*d + 216 = -4*d. What is the highest common divisor of s and l?
14
Let w = -4 - 20. Let o be 1/(-4) + (-1566)/w. Suppose -7*p = -2*p - o. Calculate the greatest common divisor of p and 143.
13
Suppose -4*b + 17 = 1. Let q = 1 + b. Calculate the greatest common divisor of q and 25.
5
Let w(b) = 3*b**2 + 4*b + 7. Let d be w(-5). Calculate the greatest common divisor of d and 31.
31
Let d(i) = 4*i**3 + i**2 + i + 2. Let o be d(2). What is the highest common factor of 10 and o?
10
Suppose -19*u - 30 = -29*u. Calculate the highest common divisor of 4 and u.
1
Suppose a + a + f = 5, 4*f = -12. Suppose 6*p - 5*o - 484 = 2*p, -a*o = -2*p + 236. Suppose -52 + 10 = -3*b. What is the highest common divisor of p and b?
14
Let m = -23 + 30. What is the greatest common divisor of m and 28?
7
Let q(j) = 3*j**3 - 5*j**2 - 6. Let a(p) = 2*p**3 - 3*p**2 - 3. Let v(h) = 5*a(h) - 3*q(h). Let u be v(0). Calculate the greatest common factor of 3 and u.
3
Let q(c) = -c**3 + c**2 - 2*c + 3. Let b be q(-4). What is the greatest common factor of b and 14?
7
Let r be ((-3)/((-3)/25))/1. Suppose -3*d + 45 = 6*d. Calculate the greatest common divisor of r and d.
5
Suppose 0 = 4*w - 15 - 1. Suppose -w*l = l + 5*m - 55, 0 = 4*m + 4. What is the highest common divisor of 36 and l?
12
Suppose -224 = -3*l + 217. Calculate the highest common divisor of 21 and l.
21
Suppose 5*g = -2*u - 520, 399 = -4*g + u - 6*u. Let a = -76 - g. Let f be 12 - (2 + -2*1). Calculate the greatest common divisor of f and a.
6
Let s be -1 + 3 + (-6)/3 + 1. What is the greatest common divisor of 3 and s?
1
Let b(i) = -i**3 - 6*i**2 - 7*i - 6. Let g be b(-5). Suppose g*n - 5*n = -36. What is the highest common divisor of n and 4?
4
Let y = -53 - -92. Let x(c) = -c**3 + 5*c**2 - 3*c + 1. Let f be x(5). Let p be (-1)/(1 + f/13). Calculate the greatest common factor of p and y.
13
Let c = 36 + -14. Let l = 25 - -8. Calculate the greatest common factor of c and l.
11
Let t(c) = -8*c - 3. Let v be t(-1). What is the highest common divisor of 55 and v?
5
Suppose 4*z = 3*n - 58, n + 2*z - 6 = 6*z. What is the greatest common divisor of 26 and n?
26
Let z = 21 - -1. Calculate the greatest common factor of 66 and z.
22
Suppose -2*n + 90 = 4*d + n, -d = -n - 26. Calculate the greatest common factor of 3 and d.
3
Let t(v) = -4*v - 14. Let o be t(-4). Suppose 4*f - o*f = 80. Calculate the greatest common factor of f and 5.
5
Let r be (-2035)/(-11) + 1*-5. What is the greatest common factor of 20 and r?
20
Suppose 175 = 23*v - 18*v. Calculate the greatest common factor of 385 and v.
35
Suppose 0 = 3*q + q + 64. Let d be (-2)/8 + (-100)/q. Suppose 2 + 4 = 5*x - 3*v, -v + 15 = 4*x. Calculate the greatest common divisor of x and d.
3
Suppose 2*x - 3*x + 7 = 0. Suppose -2*n + 77 - 1 = 5*d, -n - 25 = -2*d. What is the highest common divisor of x and d?
7
Let r be ((-15)/(-2))/((-1)/(-6)). Let h = 7 - 28. Let b = 30 + h. What is the greatest common factor of b and r?
9
Let z(b) = -b**2 + 11*b - 8. Let c be z(7). Suppose -6 - 11 = -5*u - 3*j, -c = -5*j. Calculate the highest common divisor of u and 3.
1
Suppose -4*a + 66 = 166. Let m = -18 - a. Let h = -537 - -572. What is the greatest common factor of h and m?
7
Let u be 0 + (-6)/2 - -122. Let p = u + 167. Calculate the highest common factor of p and 26.
26
Suppose -u - 2 = 0, 2*b + 3*b - 54 = -3*u. What is the highest common factor of 6 and b?
6
Suppose 28 = 4*m - 20. What is the highest common factor of m and 60?
12
Let h = -10 + 14. Let r = -10 + 6. Let m = h - r. Calculate the greatest common factor of m and 4.
4
Suppose k - 6*k = 0. Let v be 2/4*k + 60. What is the highest common factor of 24 and v?
12
Suppose 0 = -g - 3*a + 141, -g + 675 = 4*g + 5*a. Let u = -92 + g. Let v = -25 - -45. What is the highest common factor of v and u?
20
Let m = 4 + 0. Suppose m*f + 4 = -5*h - 1, 0 = -5*f + 4*h + 4. Suppose 3*x + s - 12 = 3*s, f = -4*s - 12. What is the highest common factor of x and 8?
2
Let t = -9 - -5. Let g(f) = f + 5. Let o be g(t). What is the highest common divisor of o and 1?
1
Let y be 150/45*(-252)/(-10). What is the highest common divisor of y and 12?
12
Let f be 135/(-1 + -2 + 4). Let q be 2/(-4) - (-31)/2. Calculate the highest common divisor of f and q.
15
Let x = -8 - -8. Suppose 4*b = -4*j + 452, 3*j + x*b + b - 337 = 0. What is the greatest common divisor of j and 14?
14
Let b(f) = 2*f**2 - 12*f + 3. Let a be b(8). Calculate the highest common divisor of 5 and a.
5
Let x(p) = 7*p**2 + 2. Let w be x(2). Suppose k + 2*k = w. Let j be (-141)/(-5) + (-2)/k. Calculate the greatest common factor of j and 70.
14
Let a = 59 + -41. Let l = 28 + -35. Let h = l + 9. What is the greatest common divisor of h and a?
2
Let m = -23 - -7. Let g = 32 + m. What is the highest common factor of 160 and g?
16
Let c = 3 - -3. Let j = 2 + 0. Calculate the greatest common factor of j and c.
2
Suppose p + 3*x = 6*p - 345, -3*p - x = -207. Let s = -49 + p. Calculate the highest common divisor of s and 10.
10
Let s(f) = -15*f - 6. Let r be s(-2). What is the greatest common factor of 12 and r?
12
Suppose 2 = -2*j + 6. Let w = 6 - j. Suppose 5*v = 4*d - 76, -v - 92 = -w*d - 0*v. Calculate the highest common factor of d and 60.
12
Suppose -18 = -8*n + 62. What is the highest common factor of 1 and n?
1
Let v = -8 - -5. Su